{"id":1021,"date":"2013-09-24T12:31:28","date_gmt":"2013-09-24T11:31:28","guid":{"rendered":"http:\/\/www.tormaxx.de\/?page_id=1021"},"modified":"2014-09-23T08:12:37","modified_gmt":"2014-09-23T07:12:37","slug":"motion","status":"publish","type":"page","link":"http:\/\/www.tormaxx.de\/?page_id=1021","title":{"rendered":"Motion"},"content":{"rendered":"<h1>Motion Computing<\/h1>\n<p><\/p>\n<p>\nMotion Computing stellt Tablet PCs im Tafeldesign f\u00fcr mobile Berufst\u00e4tige in bestimmten Industriezweigen her, u. a. im Gesundheitswesen, im Au\u00dfendienst und im Dienstleistungssektor, bei der Regierung und im Bildungswesen. Motion ist f\u00fchrend auf dem Sektor des mobilen Computing und der drahtlosen Kommunikation. Motion bietet sowohl erstklassige Innovation als auch weit reichende Erfahrung, sodass die Benutzer die Computing &#8211; Technologie auf neue Weise entdecken und an neuen Orten einsetzen k\u00f6nnen. Jedes Motion &#8211; Produkt ist auf die Kundenanforderungen abgestimmt. Die erweiterte Tablet PC &#8211; und Zubeh\u00f6r &#8211; Linie des Unternehmens ist auf eine h\u00f6here Produktivit\u00e4t mobilen Benutzer ausgerichtet und bietet gleichzeitig Sicherheit, Leistung und Vielseitigkeit.<\/p>\n<div>\n<div style=\"float: left; width: 460px;\">\n<h2>Motion CL910<\/h2>\n<p>\n        <img decoding=\"async\" src=\"http:\/\/www.tormaxx.de\/wp-content\/uploads\/2013\/09\/tablet_CL910.jpg\" align=\"left\" \/><\/p>\n<p style=\"margin-left: 160px; vertical-align: top;\">Robuster, kompakter Tablet PC mit Multitasking-F\u00e4higkeit und Finger- oder Stift-Bedienung.<br \/>\n        <b>Jetzt mit Intel\u00ae Atom\u2122 Dual Core-Prozessor f\u00fcr h\u00f6here Leistung.<\/b><\/p>\n<\/p><\/div>\n<div style=\"float: right; width: 460px;\">\n<h2>Motion R12<\/h2>\n<p>\n        <img decoding=\"async\" src=\"http:\/\/www.tormaxx.de\/wp-content\/uploads\/2013\/09\/tablet_R12.jpg\" align=\"left\" \/><\/p>\n<p style=\"margin-left: 180px; vertical-align: top;\">Das R12-Tablet wurde entwickelt, um mobilen Mitarbeitern die Arbeit unter erschwerten Bedingungen zu erleichtern. Es bietet neben einer extrem handlichen und dennoch robusten Bauweise ein perfekt ablesbares 12,5-Zoll FullHD Display und ein gro\u00dfes Zubeh\u00f6rangebot.<\/b><\/p>\n<\/p><\/div>\n<\/div>\n<div style=\"padding-top: 195px;\">\n<div style=\"float: left; width: 460px; text-align: center; \">\n         <a href=\"http:\/\/www.motioncomputing.com\/downloads\/German\/products\/cl910\/overview_CL900.pdf\" target=\"_blank\"><img decoding=\"async\" src=\"http:\/\/www.tormaxx.de\/wp-content\/uploads\/2013\/09\/pdf_icon.png\"\/> Brosch\u00fcre<\/a> &#8211; <a href=\"http:\/\/www.motioncomputing.com\/downloads\/German\/products\/cl910\/CL910_Specs_DE.pdf\" target=\"_blank\"><img decoding=\"async\" src=\"http:\/\/www.tormaxx.de\/wp-content\/uploads\/2013\/09\/pdf_icon.png\"\/> Spezifikation<\/a> &#8211; <a href=\"http:\/\/www.motioncomputing.com\/downloads\/German\/products\/cl910\/CL900_AccessorySheet_DE_web.pdf\" target=\"_blank\"><img decoding=\"async\" src=\"http:\/\/www.tormaxx.de\/wp-content\/uploads\/2013\/09\/pdf_icon.png\"\/> Zubeh\u00f6r<\/a>\n    <\/div>\n<div style=\"float: right; width: 460px; text-align: center;\">\n         <a href=\"http:\/\/www.motioncomputing.com\/downloads\/German\/products\/r12\/R12Platform_Brochure_DE_web.pdf\" target=\"_blank\"><img decoding=\"async\" src=\"http:\/\/www.tormaxx.de\/wp-content\/uploads\/2013\/09\/pdf_icon.png\"\/> Brosch\u00fcre<\/a> &#8211; <a href=\"http:\/\/www.motioncomputing.com\/downloads\/German\/products\/r12\/R12_Spec_DE.pdf\" target=\"_blank\"><img decoding=\"async\" src=\"http:\/\/www.tormaxx.de\/wp-content\/uploads\/2013\/09\/pdf_icon.png\"\/> Spezifikation<\/a> &#8211; <a href=\"http:\/\/www.motioncomputing.com\/downloads\/German\/products\/r12\/R12_CompanionKeyboard_DE.pdf\" target=\"_blank\"><img decoding=\"async\" src=\"http:\/\/www.tormaxx.de\/wp-content\/uploads\/2013\/09\/pdf_icon.png\"\/> Zubeh\u00f6r<\/a>\n    <\/div>\n<\/div>\n<div style=\"padding-top: 80px;\">\n<div style=\"float: left; width: 460px;\">\n<h2>Motion C5te<\/h2>\n<p>\n        <img decoding=\"async\" src=\"http:\/\/www.tormaxx.de\/wp-content\/uploads\/2013\/09\/tablet_c5.jpg\" align=\"left\" \/><\/p>\n<p style=\"margin-left: 180px; vertical-align: top;\">Die robuste, vollst\u00e4ndig abgedichtete Computing-L\u00f6sung f\u00fcr die mobile Gesundheitspflege bietet nun h\u00f6here Leistungsf\u00e4higkeit und eine l\u00e4ngere Akkubetriebsdauer durch <b>Intel\u00ae Core\u2122-Prozessoren der dritten Generation.<\/b><\/p>\n<\/p><\/div>\n<div style=\"float: right; width: 460px;\">\n<h2>Motion F5te<\/h2>\n<p>\n        <img decoding=\"async\" src=\"http:\/\/www.tormaxx.de\/wp-content\/uploads\/2013\/09\/tablet_f5.jpg\" align=\"left\" \/><\/p>\n<p style=\"margin-left: 180px; vertical-align: top;\">Das robuste, \u00e4u\u00dferst mobile und vollst\u00e4ndig integrierte Tool f\u00fcr den Au\u00dfeneinsatz zum Vor-Ort-Computing bietet nun h\u00f6here Leistungsf\u00e4higkeit und eine l\u00e4ngere Akkubetriebsdauer durch <b>Intel\u00ae Core\u2122-Prozessoren der dritten Generation.<\/b><\/p>\n<\/p><\/div>\n<\/div>\n<div style=\"padding-top: 195px;\">\n<div style=\"float: left; width: 460px; text-align: center; \">\n         <a href=\"http:\/\/www.motioncomputing.com\/downloads\/German\/products\/C5\/C5te_POD_DE.pdf\" target=\"_blank\"><img decoding=\"async\" src=\"http:\/\/www.tormaxx.de\/wp-content\/uploads\/2013\/09\/pdf_icon.png\"\/> Brosch\u00fcre<\/a> &#8211; <a href=\"http:\/\/www.motioncomputing.com\/downloads\/German\/products\/C5\/C5te_Specs_DE.pdf\" target=\"_blank\"><img decoding=\"async\" src=\"http:\/\/www.tormaxx.de\/wp-content\/uploads\/2013\/09\/pdf_icon.png\"\/> Spezifikation<\/a> &#8211; <a href=\"http:\/\/www.motioncomputing.com\/downloads\/German\/products\/C5\/C5-Series_AccessorySheet_(DE).pdf\" target=\"_blank\"><img decoding=\"async\" src=\"http:\/\/www.tormaxx.de\/wp-content\/uploads\/2013\/09\/pdf_icon.png\"\/> Zubeh\u00f6r<\/a>\n    <\/div>\n<div style=\"float: right; width: 460px; text-align: center;\">\n         <a href=\"http:\/\/www.motioncomputing.com\/downloads\/F5te_POD_DE.pdf\" target=\"_blank\"><img decoding=\"async\" src=\"http:\/\/www.tormaxx.de\/wp-content\/uploads\/2013\/09\/pdf_icon.png\"\/> Brosch\u00fcre<\/a> &#8211; <a href=\"http:\/\/www.motioncomputing.com\/downloads\/F5te_Product_Specs_DE.pdf\" target=\"_blank\"><img decoding=\"async\" src=\"http:\/\/www.tormaxx.de\/wp-content\/uploads\/2013\/09\/pdf_icon.png\"\/> Spezifikation<\/a> &#8211; <a href=\"http:\/\/www.motioncomputing.com\/downloads\/F5-Series_AccessorySheet(DE).pdf\" target=\"_blank\"><img decoding=\"async\" src=\"http:\/\/www.tormaxx.de\/wp-content\/uploads\/2013\/09\/pdf_icon.png\"\/> Zubeh\u00f6r<\/a>\n    <\/div>\n<\/div>\n<div style=\"padding-top: 80px; font-size: 14px;\">\n    Bei Fragen zu Preisen und Verf\u00fcgbarkeit stehen wir Ihnen telefonisch unter 02166 \/ 68 26 0 zur Verf\u00fcgung. Sie k\u00f6nnen uns auch gerne eine eMail an motion@tormaxx.de senden.\n<\/div>\n","protected":false},"excerpt":{"rendered":"<p>Motion Computing Motion Computing stellt Tablet PCs im Tafeldesign f\u00fcr mobile Berufst\u00e4tige in bestimmten Industriezweigen her, u. a. im Gesundheitswesen, im Au\u00dfendienst und im Dienstleistungssektor, bei der Regierung und im Bildungswesen. Motion ist f\u00fchrend auf dem Sektor des mobilen Computing und der drahtlosen Kommunikation. Motion bietet sowohl erstklassige Innovation als auch weit reichende Erfahrung, sodass die Benutzer die Computing &#8211;&nbsp;<a href=\"http:\/\/www.tormaxx.de\/?page_id=1021\" class=\"read-more\">Continue Reading<\/a><\/p>\n","protected":false},"author":1,"featured_media":0,"parent":0,"menu_order":0,"comment_status":"open","ping_status":"open","template":"page-fullwidth.php","meta":{"footnotes":""},"class_list":["post-1021","page","type-page","status-publish","hentry"],"_links":{"self":[{"href":"http:\/\/www.tormaxx.de\/index.php?rest_route=\/wp\/v2\/pages\/1021","targetHints":{"allow":["GET"]}}],"collection":[{"href":"http:\/\/www.tormaxx.de\/index.php?rest_route=\/wp\/v2\/pages"}],"about":[{"href":"http:\/\/www.tormaxx.de\/index.php?rest_route=\/wp\/v2\/types\/page"}],"author":[{"embeddable":true,"href":"http:\/\/www.tormaxx.de\/index.php?rest_route=\/wp\/v2\/users\/1"}],"replies":[{"embeddable":true,"href":"http:\/\/www.tormaxx.de\/index.php?rest_route=%2Fwp%2Fv2%2Fcomments&post=1021"}],"version-history":[{"count":55,"href":"http:\/\/www.tormaxx.de\/index.php?rest_route=\/wp\/v2\/pages\/1021\/revisions"}],"predecessor-version":[{"id":1455,"href":"http:\/\/www.tormaxx.de\/index.php?rest_route=\/wp\/v2\/pages\/1021\/revisions\/1455"}],"wp:attachment":[{"href":"http:\/\/www.tormaxx.de\/index.php?rest_route=%2Fwp%2Fv2%2Fmedia&parent=1021"}],"curies":[{"name":"wp","href":"https:\/\/api.w.org\/{rel}","templated":true}]}}