{"id":1124,"date":"2013-10-02T10:45:12","date_gmt":"2013-10-02T09:45:12","guid":{"rendered":"http:\/\/www.tormaxx.de\/?page_id=1124"},"modified":"2014-02-27T09:56:05","modified_gmt":"2014-02-27T08:56:05","slug":"getac-v100","status":"publish","type":"page","link":"http:\/\/www.tormaxx.de\/?page_id=1124","title":{"rendered":"CMS &#8211; Getac V100"},"content":{"rendered":"<div style=\"float: left; width: 630px;\">\n<h1>Car Mount System<br \/>\nTX-V100<\/h1>\n<h3>Der feste Halt f\u00fcr Ihre mobilen Prozesse<\/h3>\n<p><\/p>\n<ul>\n<li>Einfachste Handhabung<\/li>\n<li>Navigation und GIS Daten auf einen Blick<\/li>\n<li>T\u00dcV gepr\u00fcfte Sicherheit<\/li>\n<li>Optimale Installation vor Ort<\/li>\n<li>Garantiezeit \u00fcber gesamte Nutzungsdauer gem\u00e4\u00df den<br \/>\nGarantievereinbarungen<\/li>\n<\/ul>\n<p><span>Der feste Halt f\u00fcr Ihre mobilen Prozesse. Mobile Office Solution mit Getac-Komponenten V100.<\/span><\/p>\n<p>In zahlreichen Produkttests bei Getac und Crash-Tests beim T\u00dcV, musste unsere Entwicklung, der Car Mount System TX-V100, seine Robustheit und perfekte Arbeitsweise beweisen.<\/p>\n<p>Speziell die Anforderungen der professionellen Anwender wurden konsequent umgesetzt.<\/p>\n<p>Die Einhandbedienung zum Ein- und Ausdocken der Rechner ist sicher und einfach in der Handhabung<\/p>\n<p>Die Qualit\u00e4t und Ausf\u00fchrung der Mounter ist der Garant f\u00fcr die sichere Umsetzung Ihrer mobilen Prozesse.<br \/>\nPr\u00fcfaufbauten beim T\u00dcV -Rheinland w\u00e4hrend des Crashtests.<\/p>\n<\/div>\n<div style=\"float: left; width: 310px; vertical-align: middle; text-align: right;\"><img decoding=\"async\" class=\"alignnone size-full wp-image-535\" style=\"vertical-align: middle;\" alt=\"produkte_camotec_1\" src=\"http:\/\/www.tormaxx.de\/wp-content\/uploads\/2013\/05\/produkte_camotec_3.png\" width=\"270\" \/><\/p>\n<div style=\"text-align: left; padding-left: 39px; margin-top: -25px;\"><img loading=\"lazy\" decoding=\"async\" class=\"alignnone size-full wp-image-545\" style=\"vertical-align: middle;\" alt=\"figure_title\" src=\"http:\/\/www.tormaxx.de\/wp-content\/uploads\/2013\/03\/figure_title.png\" width=\"12\" height=\"8\" \/><span>TX-V100<\/span><\/div>\n<p><img decoding=\"async\" class=\"alignnone size-full wp-image-534\" style=\"margin-top: 15px;\" alt=\"produkte_camotec_3\" src=\"http:\/\/www.tormaxx.de\/wp-content\/uploads\/2013\/03\/txcf-08-19_textbau.jpg\" width=\"270\" \/><\/p>\n<div style=\"text-align: left; padding-left: 39px; margin-top: -25px;\"><img loading=\"lazy\" decoding=\"async\" class=\"alignnone size-full wp-image-545\" style=\"vertical-align: middle;\" alt=\"figure_title\" src=\"http:\/\/www.tormaxx.de\/wp-content\/uploads\/2013\/03\/figure_title.png\" width=\"12\" height=\"8\" \/><span>Pr\u00fcfaufbauten beim T\u00dcV-Rheinland <\/span><\/div>\n<\/div>\n","protected":false},"excerpt":{"rendered":"<p>Car Mount System TX-V100 Der feste Halt f\u00fcr Ihre mobilen Prozesse Einfachste Handhabung Navigation und GIS Daten auf einen Blick T\u00dcV gepr\u00fcfte Sicherheit Optimale Installation vor Ort Garantiezeit \u00fcber gesamte Nutzungsdauer gem\u00e4\u00df den Garantievereinbarungen Der feste Halt f\u00fcr Ihre mobilen Prozesse. Mobile Office Solution mit Getac-Komponenten V100. In zahlreichen Produkttests bei Getac und Crash-Tests beim T\u00dcV, musste unsere Entwicklung, der&nbsp;<a href=\"http:\/\/www.tormaxx.de\/?page_id=1124\" class=\"read-more\">Continue Reading<\/a><\/p>\n","protected":false},"author":1,"featured_media":0,"parent":0,"menu_order":0,"comment_status":"open","ping_status":"open","template":"page-fullwidth.php","meta":{"footnotes":""},"class_list":["post-1124","page","type-page","status-publish","hentry"],"_links":{"self":[{"href":"http:\/\/www.tormaxx.de\/index.php?rest_route=\/wp\/v2\/pages\/1124","targetHints":{"allow":["GET"]}}],"collection":[{"href":"http:\/\/www.tormaxx.de\/index.php?rest_route=\/wp\/v2\/pages"}],"about":[{"href":"http:\/\/www.tormaxx.de\/index.php?rest_route=\/wp\/v2\/types\/page"}],"author":[{"embeddable":true,"href":"http:\/\/www.tormaxx.de\/index.php?rest_route=\/wp\/v2\/users\/1"}],"replies":[{"embeddable":true,"href":"http:\/\/www.tormaxx.de\/index.php?rest_route=%2Fwp%2Fv2%2Fcomments&post=1124"}],"version-history":[{"count":6,"href":"http:\/\/www.tormaxx.de\/index.php?rest_route=\/wp\/v2\/pages\/1124\/revisions"}],"predecessor-version":[{"id":1348,"href":"http:\/\/www.tormaxx.de\/index.php?rest_route=\/wp\/v2\/pages\/1124\/revisions\/1348"}],"wp:attachment":[{"href":"http:\/\/www.tormaxx.de\/index.php?rest_route=%2Fwp%2Fv2%2Fmedia&parent=1124"}],"curies":[{"name":"wp","href":"https:\/\/api.w.org\/{rel}","templated":true}]}}