{"id":1273,"date":"2013-10-29T14:50:49","date_gmt":"2013-10-29T13:50:49","guid":{"rendered":"http:\/\/www.tormaxx.de\/?page_id=1273"},"modified":"2014-05-09T13:33:13","modified_gmt":"2014-05-09T12:33:13","slug":"cms-getac-f110","status":"publish","type":"page","link":"http:\/\/www.tormaxx.de\/?page_id=1273","title":{"rendered":"CMS &#8211; Getac F110"},"content":{"rendered":"<div style=\"float: left; width: 630px;\">\n<h1>TORMAXX\u00ae Car Mount f\u00fcr Getac F110<\/h1>\n<h3>F\u00fcr alle g\u00e4ngigen Fahrzeugtypen.<\/h3>\n<p>Der neue <b>TORMAXX Car Mount<\/b> f\u00fcr <b>Getac F110<\/b> ist die Referenz f\u00fcr die Installation des funktionsstarken Getac Business-Tablets in Fahrzeugen. Basierend auf dem bew\u00e4hrten<br \/>\n<b>TORMAXX Car Mount System<\/b>, bietet der <b>Getac F110<\/b> Mount perfekte Handhabung und hervorragende Ergonomie.<\/p>\n<p>Die kompakte und gut gestaltete Konstruktion erm\u00f6glicht sowohl die Installation an der Mittelkonsole des Fahrzeugs, als auch auf dem Armaturenbrett und er\u00f6ffnet dem Fahrer die vollst\u00e4ndige Kontrolle. Ebenfalls erh\u00e4ltlich ist eine mobile Verbindung zum Fahrzeug mittels unseres Camotec Vario und Camotec S-01. Sie sind einfach zu installieren und k\u00f6nnen schnell vom Fahrzeug demontiert werden, wenn n\u00f6tig. Das <b>TORMAXX Getac F110 Docking<\/b> ist individuell einstellbar und erf\u00fcllt die h\u00f6chsten ergonomischen Anforderungen. Somit tr\u00e4gt das <b>TORMAXX Getac F110 Docking<\/b> wesentlich zum effizienten Workflow im mobilen Au\u00dfendienst in Ihrer Flotte bei. Die erfolgreichen T\u00dcV-Airbag-Tests und die ECE 17 &#8211; konforme Sicherheitspr\u00fcfung qualifizieren das <b>TORMAXX Docking<b> f\u00fcr die h\u00f6chste Sicherheitsstufe. Sicherheit, auf die Sie sich verlassen k\u00f6nnen.<\/p>\n<p><\/p>\n<h3>Die Vorteile des TORMAXX Getac F110 Car Mount-Systems auf einen Blick:<\/h3>\n<ul>\n<li>Aus besten Materialien in Deutschland gefertigt<\/li>\n<li>Aktive und passive Version erh\u00e4ltlich<\/li>\n<li>T\u00dcV-gepr\u00fcft<\/li>\n<li>Bestm\u00f6gliche Ergonomie<\/li>\n<li>Erf\u00fcllt die h\u00f6chsten Sicherheitsstandards<\/li>\n<li>Einfache Ein-Hand-Bedienung<\/li>\n<li>Installation in fast allen Fahrzeugtypen m\u00f6glich<\/li>\n<li>Optimale Vor-Ort-Installation<\/li>\n<\/ul>\n<p><\/p>\n<p>Die <b>TORMAXX GmbH<\/b> mit Sitz in M\u00f6nchengladbach ist Europas f\u00fchrender Entwickler und Hersteller von zertifizierten Halterungssystemen f\u00fcr IT in Fahrzeugen. <b>TORMAXX<\/b> z\u00e4hlt<br \/>\nUnternehmen wie E.ON, RWE, Fraport, Deutsche Telekom und bofrost* zu seinen Kunden.<\/p>\n<p><\/p>\n<h3>Lieferumfang:<\/h3>\n<ul>\n<li>TORMAXX Getac F110 Mount<\/li>\n<li>TORMAXX FES (Festeinbausatz, fahrzeugspezifisch)<\/li>\n<li>Optional: TORMAXX Camotec S-01 oder Camotec Vario<\/li>\n<\/ul>\n<\/div>\n<div style=\"float: left; width: 310px; vertical-align: middle; text-align: right;\"><img decoding=\"async\" class=\"alignnone size-full wp-image-535\" style=\"vertical-align: middle;\" alt=\"produkte_getac_z710_1\" src=\"http:\/\/www.tormaxx.de\/wp-content\/uploads\/2014\/05\/small_getacf110_01.png\" width=\"270\" \/><\/p>\n<div style=\"text-align: left; padding-left: 39px; margin-top: -25px;\"><img loading=\"lazy\" decoding=\"async\" class=\"alignnone size-full wp-image-545\" style=\"vertical-align: middle;\" alt=\"figure_title\" src=\"http:\/\/www.tormaxx.de\/wp-content\/uploads\/2013\/03\/figure_title.png\" width=\"12\" height=\"8\" \/><span>Festeinbau<\/span><\/div>\n<p><img decoding=\"async\" class=\"alignnone size-full wp-image-533\" style=\"margin-top: 15px;\" alt=\"produkte_getac_z710_2\" src=\"http:\/\/www.tormaxx.de\/wp-content\/uploads\/2014\/05\/small_getacf110_02.png\" width=\"270\" \/><\/p>\n<div style=\"text-align: left; padding-left: 39px; margin-top: -25px;\"><img loading=\"lazy\" decoding=\"async\" class=\"alignnone size-full wp-image-545\" style=\"vertical-align: middle;\" alt=\"figure_title\" src=\"http:\/\/www.tormaxx.de\/wp-content\/uploads\/2013\/03\/figure_title.png\" width=\"12\" height=\"8\" \/><span>Camotec Einbau<\/span><\/div>\n<p><img decoding=\"async\" class=\"alignnone size-full wp-image-534\" style=\"margin-top: 15px;\" alt=\"produkte_getac_z710_3\" src=\"http:\/\/www.tormaxx.de\/wp-content\/uploads\/2014\/05\/small_getacf110_03.png\" width=\"270\" \/><\/p>\n<div style=\"text-align: left; padding-left: 39px; margin-top: -25px;\"><img loading=\"lazy\" decoding=\"async\" class=\"alignnone size-full wp-image-545\" style=\"vertical-align: middle;\" alt=\"figure_title\" src=\"http:\/\/www.tormaxx.de\/wp-content\/uploads\/2013\/03\/figure_title.png\" width=\"12\" height=\"8\" \/><span>Camotec Einbau<\/span><\/div>\n<p><img decoding=\"async\" class=\"alignnone size-full wp-image-534\" style=\"margin-top: 15px;\" alt=\"produkte_getac_z710_4\" src=\"http:\/\/www.tormaxx.de\/wp-content\/uploads\/2014\/05\/small_getacf110_04.png\" width=\"270\" \/><\/p>\n<div style=\"text-align: left; padding-left: 39px; margin-top: -25px;\"><img loading=\"lazy\" decoding=\"async\" class=\"alignnone size-full wp-image-545\" style=\"vertical-align: middle;\" alt=\"figure_title\" src=\"http:\/\/www.tormaxx.de\/wp-content\/uploads\/2013\/03\/figure_title.png\" width=\"12\" height=\"8\" \/><span>Camotec S01 Einbau<\/span><\/div>\n<\/div>\n","protected":false},"excerpt":{"rendered":"<p>TORMAXX\u00ae Car Mount f\u00fcr Getac F110 F\u00fcr alle g\u00e4ngigen Fahrzeugtypen. Der neue TORMAXX Car Mount f\u00fcr Getac F110 ist die Referenz f\u00fcr die Installation des funktionsstarken Getac Business-Tablets in Fahrzeugen. Basierend auf dem bew\u00e4hrten TORMAXX Car Mount System, bietet der Getac F110 Mount perfekte Handhabung und hervorragende Ergonomie. Die kompakte und gut gestaltete Konstruktion erm\u00f6glicht sowohl die Installation an der&nbsp;<a href=\"http:\/\/www.tormaxx.de\/?page_id=1273\" class=\"read-more\">Continue Reading<\/a><\/p>\n","protected":false},"author":1,"featured_media":0,"parent":0,"menu_order":0,"comment_status":"open","ping_status":"open","template":"page-fullwidth.php","meta":{"footnotes":""},"class_list":["post-1273","page","type-page","status-publish","hentry"],"_links":{"self":[{"href":"http:\/\/www.tormaxx.de\/index.php?rest_route=\/wp\/v2\/pages\/1273","targetHints":{"allow":["GET"]}}],"collection":[{"href":"http:\/\/www.tormaxx.de\/index.php?rest_route=\/wp\/v2\/pages"}],"about":[{"href":"http:\/\/www.tormaxx.de\/index.php?rest_route=\/wp\/v2\/types\/page"}],"author":[{"embeddable":true,"href":"http:\/\/www.tormaxx.de\/index.php?rest_route=\/wp\/v2\/users\/1"}],"replies":[{"embeddable":true,"href":"http:\/\/www.tormaxx.de\/index.php?rest_route=%2Fwp%2Fv2%2Fcomments&post=1273"}],"version-history":[{"count":8,"href":"http:\/\/www.tormaxx.de\/index.php?rest_route=\/wp\/v2\/pages\/1273\/revisions"}],"predecessor-version":[{"id":1436,"href":"http:\/\/www.tormaxx.de\/index.php?rest_route=\/wp\/v2\/pages\/1273\/revisions\/1436"}],"wp:attachment":[{"href":"http:\/\/www.tormaxx.de\/index.php?rest_route=%2Fwp%2Fv2%2Fmedia&parent=1273"}],"curies":[{"name":"wp","href":"https:\/\/api.w.org\/{rel}","templated":true}]}}