{"id":63,"date":"2013-02-19T16:34:05","date_gmt":"2013-02-19T15:34:05","guid":{"rendered":"http:\/\/213.164.158.4\/tormaxx\/?page_id=63"},"modified":"2013-10-29T10:46:01","modified_gmt":"2013-10-29T09:46:01","slug":"leistungen","status":"publish","type":"page","link":"http:\/\/www.tormaxx.de\/?page_id=63","title":{"rendered":"Leistungen"},"content":{"rendered":"<h1>Leistungsprofil<\/h1>\n<h3>Planung, Konstruktion, Montage aus einer Hand.<\/h3>\n<p>Als L\u00f6sungsanbieter betreut die TORMAXX<sup>&reg;<\/sup> GmbH jeden Kunden individuell nach seinen Anforderungen. Herstellerunabh\u00e4ngig und m\u00f6glichst nahe am Anforderungsprofil bieten wir alle Leistungen in einem Spektrum von Entwicklung, Produktion und europaweiter vor-Ort Installation. Wir bieten unseren Kunden neben der reinen Projektabwicklung langfristige Full Service Leistungen, die kalkulierbar sind und keine versteckten Kosten beinhalten.<\/p>\n<p>Die Fertigungstiefe von nahezu 95% wird bewusst und konsequent in allen Kernkompetenzen vorgehalten.<\/p>\n<ul>\n<li>Rapid Prototyping<\/li>\n<li>Kunststoff-Injektionsverfahren f\u00fcr ben\u00f6tigte Kunststoffteile<\/li>\n<li>PUR-Beschichtungen f\u00fcr Produkte im Innenraum von Fahrzeugen<\/li>\n<li>Softwareentwicklung<\/li>\n<li>Laserbearbeitung<\/li>\n<li>Blechbearbeitung mit Stanzen\/Kanten\/Schwei\u00dfen<\/li>\n<li>4 Achsen Fr\u00e4sbearbeitung f\u00fcr Produktionsteile und Werkzeugbau<\/li>\n<li>6 Achsen Drehbearbeitung f\u00fcr Produktionsteile und Werkzeugbau<\/li>\n<\/ul>\n<p>In den letzten Jahren wurde das Know-how in vielen Bereichen perfektioniert. Heute werden alle Projektschritte, von Vibrationstests auf eigens von der TORMAXX<sup>&reg;<\/sup> GmbH entwickelten Vorrichtungen, bis hin zur Modifizierung elektronischer Schaltungen, inhouse von der TORMAXX<sup>&reg;<\/sup> GmbH erledigt.<\/p>\n","protected":false},"excerpt":{"rendered":"<p>Leistungsprofil Planung, Konstruktion, Montage aus einer Hand. Als L\u00f6sungsanbieter betreut die TORMAXX&reg; GmbH jeden Kunden individuell nach seinen Anforderungen. Herstellerunabh\u00e4ngig und m\u00f6glichst nahe am Anforderungsprofil bieten wir alle Leistungen in einem Spektrum von Entwicklung, Produktion und europaweiter vor-Ort Installation. Wir bieten unseren Kunden neben der reinen Projektabwicklung langfristige Full Service Leistungen, die kalkulierbar sind und keine versteckten Kosten beinhalten. Die&nbsp;<a href=\"http:\/\/www.tormaxx.de\/?page_id=63\" class=\"read-more\">Continue Reading<\/a><\/p>\n","protected":false},"author":1,"featured_media":0,"parent":0,"menu_order":0,"comment_status":"open","ping_status":"open","template":"page-fullwidth.php","meta":{"footnotes":""},"class_list":["post-63","page","type-page","status-publish","hentry"],"_links":{"self":[{"href":"http:\/\/www.tormaxx.de\/index.php?rest_route=\/wp\/v2\/pages\/63","targetHints":{"allow":["GET"]}}],"collection":[{"href":"http:\/\/www.tormaxx.de\/index.php?rest_route=\/wp\/v2\/pages"}],"about":[{"href":"http:\/\/www.tormaxx.de\/index.php?rest_route=\/wp\/v2\/types\/page"}],"author":[{"embeddable":true,"href":"http:\/\/www.tormaxx.de\/index.php?rest_route=\/wp\/v2\/users\/1"}],"replies":[{"embeddable":true,"href":"http:\/\/www.tormaxx.de\/index.php?rest_route=%2Fwp%2Fv2%2Fcomments&post=63"}],"version-history":[{"count":13,"href":"http:\/\/www.tormaxx.de\/index.php?rest_route=\/wp\/v2\/pages\/63\/revisions"}],"predecessor-version":[{"id":1233,"href":"http:\/\/www.tormaxx.de\/index.php?rest_route=\/wp\/v2\/pages\/63\/revisions\/1233"}],"wp:attachment":[{"href":"http:\/\/www.tormaxx.de\/index.php?rest_route=%2Fwp%2Fv2%2Fmedia&parent=63"}],"curies":[{"name":"wp","href":"https:\/\/api.w.org\/{rel}","templated":true}]}}