{"id":65,"date":"2013-02-19T16:35:20","date_gmt":"2013-02-19T15:35:20","guid":{"rendered":"http:\/\/213.164.158.4\/tormaxx\/?page_id=65"},"modified":"2025-03-17T11:49:16","modified_gmt":"2025-03-17T10:49:16","slug":"ansprechpartner","status":"publish","type":"page","link":"http:\/\/www.tormaxx.de\/?page_id=65","title":{"rendered":"Ansprechpartner"},"content":{"rendered":"<h1 style=\"margin-right: 469px;\">Ansprechpartner<\/h1>\n<h3>Wir sind f\u00fcr Sie da!<\/h3>\n<p>Wir sind von Montag bis Freitag zwischen 8.00 Uhr und 16.45 Uhr telefonisch f\u00fcr Sie erreichbar.<br \/>\nWir nehmen uns auch ausserhalb unserer Gesch\u00e4ftszeiten gerne Zeit f\u00fcr Sie.<\/p>\n<div><\/div>\n<table style=\"width: 100%;\" cellpadding=\"10px\">\n<tbody>\n<tr>\n<td>\n<div><strong>Hubert Koch<\/strong><\/div>\n<div>Gesch\u00e4ftsf\u00fchrer<\/div>\n<div>Tel.: 0 21 66 \/ 68 26-20<\/div>\n<div>E-Mail: <a href=\"mailto:hubert.koch@tormaxx.de\">hubert.koch@tormaxx.de<\/a><\/div>\n<\/td>\n<td>\n<div><strong>Udo Hompesch<\/strong><\/div>\n<div>Key Account Service<\/div>\n<div>Tel.: 0 21 66 \/ 68 26-29<\/div>\n<div>E-Mail: <a href=\"mailto:udo.hompesch@tormaxx.de\">udo.hompesch@tormaxx.de<\/a><\/div>\n<\/td>\n<td>\n<div><strong>B\u00fcro<\/strong><\/div>\n<div>Tel.: 0 21 66 \/ 68 26-0<\/div>\n<p>E-Mail: <a href=\"mailto:info@tormaxx.de\">info@tormaxx.de<\/a><\/td>\n<td>&nbsp;<\/td>\n<\/tr>\n<\/tbody>\n<\/table>\n","protected":false},"excerpt":{"rendered":"<p>Ansprechpartner Wir sind f\u00fcr Sie da! Wir sind von Montag bis Freitag zwischen 8.00 Uhr und 16.45 Uhr telefonisch f\u00fcr Sie erreichbar. Wir nehmen uns auch ausserhalb unserer Gesch\u00e4ftszeiten gerne Zeit f\u00fcr Sie. Hubert Koch Gesch\u00e4ftsf\u00fchrer Tel.: 0 21 66 \/ 68 26-20 E-Mail: hubert.koch@tormaxx.de Udo Hompesch Key Account Service Tel.: 0 21 66 \/ 68 26-29 E-Mail: udo.hompesch@tormaxx.de B\u00fcro&nbsp;<a href=\"http:\/\/www.tormaxx.de\/?page_id=65\" class=\"read-more\">Continue Reading<\/a><\/p>\n","protected":false},"author":1,"featured_media":0,"parent":0,"menu_order":0,"comment_status":"open","ping_status":"open","template":"page-fullwidth.php","meta":{"footnotes":""},"class_list":["post-65","page","type-page","status-publish","hentry"],"_links":{"self":[{"href":"http:\/\/www.tormaxx.de\/index.php?rest_route=\/wp\/v2\/pages\/65","targetHints":{"allow":["GET"]}}],"collection":[{"href":"http:\/\/www.tormaxx.de\/index.php?rest_route=\/wp\/v2\/pages"}],"about":[{"href":"http:\/\/www.tormaxx.de\/index.php?rest_route=\/wp\/v2\/types\/page"}],"author":[{"embeddable":true,"href":"http:\/\/www.tormaxx.de\/index.php?rest_route=\/wp\/v2\/users\/1"}],"replies":[{"embeddable":true,"href":"http:\/\/www.tormaxx.de\/index.php?rest_route=%2Fwp%2Fv2%2Fcomments&post=65"}],"version-history":[{"count":42,"href":"http:\/\/www.tormaxx.de\/index.php?rest_route=\/wp\/v2\/pages\/65\/revisions"}],"predecessor-version":[{"id":1543,"href":"http:\/\/www.tormaxx.de\/index.php?rest_route=\/wp\/v2\/pages\/65\/revisions\/1543"}],"wp:attachment":[{"href":"http:\/\/www.tormaxx.de\/index.php?rest_route=%2Fwp%2Fv2%2Fmedia&parent=65"}],"curies":[{"name":"wp","href":"https:\/\/api.w.org\/{rel}","templated":true}]}}